{"id":29571,"date":"2022-08-10T07:51:20","date_gmt":"2022-08-10T05:51:20","guid":{"rendered":"https:\/\/sigletos.gr\/?post_type=product&#038;p=29571"},"modified":"2022-08-10T07:51:20","modified_gmt":"2022-08-10T05:51:20","slug":"%ce%b1%ce%ba%cf%81%cf%85%ce%bb%ce%b9%ce%ba%cf%8c%cf%82-%ce%be%cf%85%ce%bb%cf%8c%cf%83%cf%84%ce%bf%ce%ba%ce%bf%cf%82-%ce%bd%ce%b5%cf%81%ce%bf%cf%8d-tempo","status":"publish","type":"product","link":"https:\/\/sigletos.gr\/de\/produkt\/%ce%b1%ce%ba%cf%81%cf%85%ce%bb%ce%b9%ce%ba%cf%8c%cf%82-%ce%be%cf%85%ce%bb%cf%8c%cf%83%cf%84%ce%bf%ce%ba%ce%bf%cf%82-%ce%bd%ce%b5%cf%81%ce%bf%cf%8d-tempo\/","title":{"rendered":"TEMPO Acryl-Holzkitt auf Wasserbasis"},"content":{"rendered":"<p>VORTEILE<br \/>\n\u2022 Einfache Anwendung<br \/>\n\u2022 \u0386\u03bf\u03c3\u03bc\u03bf\u03c2<br \/>\n\u2022 \u0395\u03bb\u03b1\u03c3\u03c4\u03b9\u03ba\u03cc\u03c2<br \/>\n\u2022 Trocknet schnell<br \/>\n\u2022 L\u00e4sst sich leicht reiben<br \/>\n\u2022 \u03a0\u03c1\u03bf\u03c3\u03c6\u03ad\u03c1\u03b5\u03b9 \u03b5\u03be\u03b1\u03b9\u03c1\u03b5\u03c4\u03b9\u03ba\u03cc \u03c6\u03b9\u03bd\u03af\u03c1\u03b9\u03c3\u03bc\u03b1<br \/>\n\u2022 Kann lackiert werden<br \/>\n\u2022 \u0394\u03b5\u03bd \u03b1\u03c0\u03bf\u03c7\u03c1\u03c9\u03bc\u03b1\u03c4\u03af\u03b6\u03b5\u03c4\u03b1\u03b9 \u03bc\u03b5 \u03c4\u03b7\u03bd \u03b5\u03c6\u03b1\u03c1\u03bc\u03bf\u03b3\u03ae \u03b2\u03b5\u03c1\u03bd\u03b9\u03ba\u03b9\u03bf\u03cd<br \/>\n\u2022 \u03a5\u03b4\u03b1\u03c4\u03bf\u03b4\u03b9\u03b1\u03bb\u03c5\u03c4\u03cc \u2013 \u03c6\u03b9\u03bb\u03b9\u03ba\u03cc \u03c0\u03c1\u03bf\u03c2 \u03c4\u03bf \u03c0\u03b5\u03c1\u03b9\u03b2\u03ac\u03bb\u03bb\u03bf\u03bd<br \/>\n\u2022 F\u00fcr den Innen- und Au\u00dfenbereich geeignet<br \/>\nANWENDUNGEN<br \/>\n\u2022 \u0395\u03c0\u03b9\u03b4\u03b9\u03bf\u03c1\u03b8\u03ce\u03bd\u03b5\u03b9 \u03c3\u03ba\u03b1\u03c3\u03af\u03bc\u03b1\u03c4\u03b1, \u03be\u03b5\u03c6\u03bb\u03bf\u03c5\u03b4\u03af\u03c3\u03bc\u03b1\u03c4\u03b1, \u03c4\u03c1\u03cd\u03c0\u03b5\u03c2, \u03b1\u03c4\u03ad\u03bb\u03b5\u03b9\u03b5\u03c2 \u03c3\u03b5 \u03ba\u03ac\u03b8\u03b5<br \/>\n\u03be\u03cd\u03bb\u03b9\u03bd\u03b7 \u03b5\u03c0\u03b9\u03c6\u03ac\u03bd\u03b5\u03b9\u03b1 \u03cc\u03c0\u03c9\u03c2 \u03bc\u03b1\u03c3\u03af\u03c6 \u03bc\u03b1\u03bb\u03b1\u03ba\u03ac \u03ba\u03b1\u03b9 \u03c3\u03ba\u03bb\u03b7\u03c1\u03ac \u03be\u03cd\u03bb\u03b1, MDF,<br \/>\n\u03be\u03cd\u03bb\u03b9\u03bd\u03b1 \u03c0\u03ac\u03bd\u03b5\u03bb, \u03ba\u03b1\u03c0\u03bb\u03b1\u03bc\u03ac, \u03bd\u03bf\u03b2\u03bf\u03c0\u03ac\u03bd, \u03c6\u03bf\u03c1\u03bc\u03ac\u03b9\u03ba\u03b1.<br \/>\n\u2022 \u0395\u03af\u03bd\u03b1\u03b9 \u03ba\u03b1\u03c4\u03ac\u03bb\u03bb\u03b7\u03bb\u03bf\u03c2 \u03b3\u03b9\u03b1 \u03b5\u03c0\u03b9\u03b4\u03b9\u03bf\u03c1\u03b8\u03ce\u03c3\u03b5\u03b9\u03c2 \u03c3\u03b5 \u03ad\u03c0\u03b9\u03c0\u03bb\u03b1, \u03c0\u03cc\u03c1\u03c4\u03b5\u03c2, \u03be\u03cd\u03bb\u03b9\u03bd\u03b5\u03c2<br \/>\n\u03b5\u03c0\u03b5\u03bd\u03b4\u03cd\u03c3\u03b5\u03b9\u03c2 \u03c4\u03bf\u03af\u03c7\u03c9\u03bd \u03ba\u03b1\u03b9 \u03bf\u03c1\u03bf\u03c6\u03ce\u03bd \u03ba\u03bb\u03c0.<\/p>","protected":false},"excerpt":{"rendered":"<p>TEMPO WOOD PUTTY ist ein wasserbasierter Acryl-Holzkitt, geeignet<br \/>\nzur Reparatur von schadhaften Stellen an Holzoberfl\u00e4chen. Die<br \/>\nSeine spezielle Zusammensetzung sorgt f\u00fcr hervorragende Haftung und einfache Anwendung.<br \/>\nund F\u00fcllung, ohne Schrumpfung und Rissbildung. Es trocknet schnell und<br \/>\nergibt eine glatte und harte Oberfl\u00e4che mit einem hervorragenden Finish. Es kann<br \/>\nlackiert und bemalt. Es ist ideal f\u00fcr professionelle Anwendungen,<br \/>\nf\u00fcr den Innen- und Au\u00dfenbereich. Erh\u00e4ltlich in 16 Farbt\u00f6nen<\/p>","protected":false},"featured_media":29572,"comment_status":"closed","ping_status":"closed","template":"","meta":[],"product_brand":[],"product_cat":[570,86],"product_tag":[],"class_list":{"0":"post-29571","1":"product","2":"type-product","3":"status-publish","4":"has-post-thumbnail","6":"product_cat-570","7":"product_cat-xromata","8":"pa_brand-mercola","9":"pa_colour-teak","10":"pa_colour-wenge","11":"pa_colour-1565","12":"pa_colour-1555","13":"pa_colour-1557","14":"pa_colour-1560","15":"pa_colour-1562","16":"pa_colour-1563","17":"pa_colour-1564","18":"pa_colour-1558","19":"pa_colour-1561","20":"pa_colour-1566","21":"pa_colour-1556","22":"pa_colour-1554","23":"pa_colour-1553","24":"pa_colour-1549","25":"pa_-200gr","27":"first","28":"instock","29":"taxable","30":"shipping-taxable","31":"purchasable","32":"product-type-variable"},"_links":{"self":[{"href":"https:\/\/sigletos.gr\/de\/wp-json\/wp\/v2\/product\/29571","targetHints":{"allow":["GET"]}}],"collection":[{"href":"https:\/\/sigletos.gr\/de\/wp-json\/wp\/v2\/product"}],"about":[{"href":"https:\/\/sigletos.gr\/de\/wp-json\/wp\/v2\/types\/product"}],"replies":[{"embeddable":true,"href":"https:\/\/sigletos.gr\/de\/wp-json\/wp\/v2\/comments?post=29571"}],"version-history":[{"count":0,"href":"https:\/\/sigletos.gr\/de\/wp-json\/wp\/v2\/product\/29571\/revisions"}],"wp:featuredmedia":[{"embeddable":true,"href":"https:\/\/sigletos.gr\/de\/wp-json\/wp\/v2\/media\/29572"}],"wp:attachment":[{"href":"https:\/\/sigletos.gr\/de\/wp-json\/wp\/v2\/media?parent=29571"}],"wp:term":[{"taxonomy":"product_brand","embeddable":true,"href":"https:\/\/sigletos.gr\/de\/wp-json\/wp\/v2\/product_brand?post=29571"},{"taxonomy":"product_cat","embeddable":true,"href":"https:\/\/sigletos.gr\/de\/wp-json\/wp\/v2\/product_cat?post=29571"},{"taxonomy":"product_tag","embeddable":true,"href":"https:\/\/sigletos.gr\/de\/wp-json\/wp\/v2\/product_tag?post=29571"}],"curies":[{"name":"wp","href":"https:\/\/api.w.org\/{rel}","templated":true}]}}

<p>VORTEILE<br />
• Einfache Anwendung<br />
• Άοσμος<br />
• Ελαστικός<br />
• Trocknet schnell<br />
• Lässt sich leicht reiben<br />
• Προσφέρει εξαιρετικό φινίρισμα<br />
• Kann lackiert werden<br />
• Δεν αποχρωματίζεται με την εφαρμογή βερνικιού<br />
• Υδατοδιαλυτό – φιλικό προς το περιβάλλον<br />
• Für den Innen- und Außenbereich geeignet<br />
ANWENDUNGEN<br />
• Επιδιορθώνει σκασίματα, ξεφλουδίσματα, τρύπες, ατέλειες σε κάθε<br />
ξύλινη επιφάνεια όπως μασίφ μαλακά και σκληρά ξύλα, MDF,<br />
ξύλινα πάνελ, καπλαμά, νοβοπάν, φορμάικα.<br />
• Είναι κατάλληλος για επιδιορθώσεις σε έπιπλα, πόρτες, ξύλινες<br />
επενδύσεις τοίχων και οροφών κλπ.</p>

<p>TEMPO WOOD PUTTY ist ein wasserbasierter Acryl-Holzkitt, geeignet<br />
zur Reparatur von schadhaften Stellen an Holzoberflächen. Die<br />
Seine spezielle Zusammensetzung sorgt für hervorragende Haftung und einfache Anwendung.<br />
und Füllung, ohne Schrumpfung und Rissbildung. Es trocknet schnell und<br />
ergibt eine glatte und harte Oberfläche mit einem hervorragenden Finish. Es kann<br />
lackiert und bemalt. Es ist ideal für professionelle Anwendungen,<br />
für den Innen- und Außenbereich. Erhältlich in 16 Farbtönen</p>
